?
95
Calculate the remainder when 5568 is divided by 46.
2
What is the remainder when 10941 is divided by 102?
27
What is the remainder when 1947 is divided by 33?
0
Calculate the remainder when 9135 is divided by 4564.
7
Calculate the remainder when 1395415 is divided by 109.
106
Calculate the remainder when 14463 is divided by 27.
18
What is the remainder when 101611 is divided by 7?
6
What is the remainder when 2031 is divided by 16?
15
What is the remainder when 844038 is divided by 140672?
6
Calculate the remainder when 461171 is divided by 26.
9
Calculate the remainder when 141184 is divided by 28226.
54
Calculate the remainder when 34362 is divided by 3815.
27
What is the remainder when 94052 is divided by 82?
80
Calculate the remainder when 120956 is divided by 118.
6
Calculate the remainder when 7143 is divided by 3562.
19
What is the remainder when 230746 is divided by 1044?
22
What is the remainder when 147098 is divided by 311?
306
Calculate the remainder when 248262 is divided by 80.
22
What is the remainder when 51238 is divided by 17002?
232
Calculate the remainder when 2327 is divided by 502.
319
What is the remainder when 2729 is divided by 1160?
409
What is the remainder when 2459 is divided by 427?
324
Calculate the remainder when 1501563 is divided by 37.
29
Calculate the remainder when 13230 is divided by 3244.
254
What is the remainder when 63332 is divided by 265?
262
What is the remainder when 6819 is divided by 6?
3
What is the remainder when 126 is divided by 29?
10
What is the remainder when 1331881 is divided by 729?
727
What is the remainder when 88032 is divided by 17605?
7
What is the remainder when 76623 is divided by 14?
1
Calculate the remainder when 2308 is divided by 286.
20
Calculate the remainder when 676 is divided by 14.
4
Calculate the remainder when 20396 is divided by 102.
98
Calculate the remainder when 5960 is divided by 5950.
10
What is the remainder when 241036 is divided by 356?
24
Calculate the remainder when 35192 is divided by 2196.
56
What is the remainder when 72958 is divided by 190?
188
Calculate the remainder when 8465 is divided by 151.
9
What is the remainder when 19060 is divided by 222?
190
Calculate the remainder when 84686 is divided by 45.
41
Calculate the remainder when 29254 is divided by 86.
14
Calculate the remainder when 1348438 is divided by 30646.
14
What is the remainder when 8257 is divided by 413?
410
What is the remainder when 112 is divided by 112?
0
Calculate the remainder when 3477 is divided by 35.
12
Calculate the remainder when 308697 is divided by 14699.
18
What is the remainder when 123878 is divided by 19?
17
What is the remainder when 32227 is divided by 2146?
37
Calculate the remainder when 2021416 is divided by 17.
14
Calculate the remainder when 43434 is divided by 137.
5
What is the remainder when 37498 is divided by 12492?
22
What is the remainder when 198859 is divided by 20?
19
What is the remainder when 693203 is divided by 122?
121
What is the remainder when 131743 is divided by 62?
55
What is the remainder when 1295 is divided by 116?
19
Calculate the remainder when 153941 is divided by 76963.
15
Calculate the remainder when 9173 is divided by 2057.
945
Calculate the remainder when 21106 is divided by 10326.
454
Calculate the remainder when 6738 is divided by 560.
18
Calculate the remainder when 16525 is divided by 3304.
5
What is the remainder when 502168 is divided by 122?
16
Calculate the remainder when 561977 is divided by 10.
7
Calculate the remainder when 279750 is divided by 289.
287
What is the remainder when 27740 is divided by 770?
20
Calculate the remainder when 4384 is divided by 28.
16
What is the remainder when 5519 is divided by 306?
11
What is the remainder when 2419 is divided by 604?
3
Calculate the remainder when 6800 is divided by 215.
135
Calculate the remainder when 139515 is divided by 14.
5
What is the remainder when 2353 is divided by 2339?
14
Calculate the remainder when 14281 is divided by 687.
541
What is the remainder when 860374 is divided by 44?
42
Calculate the remainder when 69254 is divided by 88.
86
Calculate the remainder when 4517 is divided by 627.
128
What is the remainder when 15443 is divided by 5122?
77
Calculate the remainder when 2027 is divided by 378.
137
Calculate the remainder when 2598 is divided by 1284.
30
Calculate the remainder when 36871 is divided by 23.
2
What is the remainder when 220372 is divided by 55044?
196
What is the remainder when 2175 is divided by 39?
30
What is the remainder when 196312 is divided by 395?
392
Calculate the remainder when 949 is divided by 104.
13
What is the remainder when 19152 is divided by 179?
178
What is the remainder when 711 is divided by 707?
4
Calculate the remainder when 11241 is divided by 217.
174
What is the remainder when 12574 is divided by 4089?
307
What is the remainder when 6938 is divided by 12?
2
Calculate the remainder when 22946 is divided by 225.
221
What is the remainder when 29997 is divided by 9999?
0
What is the remainder when 1249407 is divided by 59495?
12
What is the remainder when 2370 is divided by 28?
18
Calculate the remainder when 55051 is divided by 31.
26
Calculate the remainder when 2622 is divided by 1105.
412
Calculate the remainder when 15343 is divided by 15328.
15
What is the remainder when 2122766 is divided by 6?
2
What is the remainder when 4480 is divided by 15?
10
What is the remainder when 282949 is divided by 1466?
11
What is the remainder when 1159 is divided by 165?
4
Calculate the remainder when 285731 is divided by 36.
35
Calculate the remainder when 110632 is divided by 3.
1
What is the remainder when 5519 is divided by 322?
45
What is the remainder when 594724 is divided by 68?
64
What is the remainder when 884813 is divided by 27?
23
What is the remainder when 4068 is divided by 30?
18
What is the remainder when 22150 is divided by 436?
350
Calculate the remainder when 230164 is divided by 57.
55
Calculate the remainder when 2032720 is divided by 24.
16
What is the remainder when 5810 is divided by 36?
14
What is the remainder when 35756 is divided by 68?
56
Calculate the remainder when 42586 is divided by 33.
16
Calculate the remainder when 1139 is divided by 25.
14
Calculate the remainder when 781 is divided by 382.
17
Calculate the remainder when 3356 is divided by 20.
16
Calculate the remainder when 3345419 is divided by 195.
194
What is the remainder when 824 is divided by 405?
14
What is the remainder when 55201 is divided by 112?
97
Calculate the remainder when 91996 is divided by 11498.
12
Calculate the remainder when 3181 is divided by 449.
38
What is the remainder when 10867 is divided by 133?
94
What is the remainder when 7259829 is divided by 72?
69
What is the remainder when 110611 is divided by 36863?
22
What is the remainder when 1462 is divided by 84?
34
What is the remainder when 3459746 is divided by 75?
71
Calculate the remainder when 1202559 is divided by 80.
79
What is the remainder when 4609 is divided by 255?
19
Calculate the remainder when 11936 is divided by 917.
15
What is the remainder when 123189 is divided by 24?
21
Calculate the remainder when 9306 is divided by 4636.
34
Calculate the remainder when 206010 is divided by 32.
26
What is the remainder when 29535 is divided by 9841?
12
Calculate the remainder when 64392 is divided by 135.
132
Calculate the remainder when 7994 is divided by 18.
2
Calculate the remainder when 24865 is divided by 8276.
37
What is the remainder when 16061 is divided by 162?
23
Calculate the remainder when 9388418 is divided by 68.
66
What is the remainder when 1567 is divided by 7?
6
Calculate the remainder when 9861 is divided by 4930.
1
What is the remainder when 251893 is divided by 4844?
5
What is the remainder when 71409 is divided by 66?
63
Calculate the remainder when 1552442 is divided by 81.
77
Calculate the remainder when 229600 is divided by 263.
1
What is the remainder when 12543 is divided by 98?
97
Calculate the remainder when 11522 is divided by 27.
20
Calculate the remainder when 12625 is divided by 72.
25
What is the remainder when 54 is divided by 36?
18
Calculate the remainder when 1076107 is divided by 752.
747
What is the remainder